ue
Is 225507039 composite?
True
Is 92942244599 a composite number?
True
Is 2166353918 composite?
True
Is 30648892499 a composite number?
True
Is 2116145657 a composite number?
False
Is 215261513 a composite number?
False
Is 41447425157 composite?
False
Is 39942082693 a prime number?
False
Is 22321121047 a composite number?
True
Is 11543977717 prime?
False
Is 21618732407 a prime number?
True
Is 1005610973 a composite number?
True
Is 13224760669 prime?
True
Is 4951751911 a composite number?
False
Is 150208267857 a prime number?
False
Is 48904653887 composite?
False
Is 72190866221 a prime number?
False
Is 5156581169 composite?
True
Is 2553066739 a composite number?
False
Is 126046213 prime?
True
Is 9437236837 a composite number?
True
Is 3102227533 composite?
True
Is 819225587 a composite number?
True
Is 539200583 prime?
False
Is 5553139009 prime?
False
Is 136150065637 composite?
True
Is 23972797 a prime number?
False
Is 71057790806 prime?
False
Is 5611838789 composite?
True
Is 431424761 composite?
False
Is 8897550297 composite?
True
Is 1055397677 composite?
True
Is 2369487877 composite?
False
Is 2834070233 a composite number?
False
Is 215052964181 a prime number?
False
Is 444585419 a prime number?
True
Is 574992289 a composite number?
True
Is 1580780099 composite?
True
Is 1222828379 a composite number?
False
Is 403218383 prime?
False
Is 2504698106 composite?
True
Is 783634513 a composite number?
True
Is 16415988271 a composite number?
False
Is 35551380097 prime?
True
Is 958595101 a composite number?
False
Is 31923514781 a composite number?
False
Is 106010387557 prime?
True
Is 5030461151 composite?
True
Is 438063838 prime?
False
Is 59952985181 composite?
False
Is 965458843 a prime number?
True
Is 14825487263 a prime number?
False
Is 1098324191 composite?
False
Is 2204017087 prime?
True
Is 92941759 composite?
True
Is 54454403 a prime number?
True
Is 34469016619 a prime number?
True
Is 4209700745 a composite number?
True
Is 16911697 prime?
False
Is 291511327 prime?
False
Is 1035820741 composite?
False
Is 2563379981 a composite number?
False
Is 10938294043 a prime number?
False
Is 2269557865 a prime number?
False
Is 338769103 composite?
False
Is 1512831317 composite?
False
Is 882398731 a composite number?
False
Is 740641877 prime?
True
Is 10971855269 a prime number?
False
Is 667797527 a composite number?
True
Is 3158792179 composite?
True
Is 2237391883 a prime number?
False
Is 205608721 a composite number?
True
Is 6253934179 a prime number?
True
Is 85254030509 a composite number?
False
Is 3131163107 composite?
False
Is 2100284623 a prime number?
True
Is 68297522123 a prime number?
True
Is 41200470901 a prime number?
False
Is 25078158179 a prime number?
True
Is 3697926707 a prime number?
True
Is 3235993879 a prime number?
False
Is 1398530729 a composite number?
False
Is 104610943 prime?
True
Is 2217609721 prime?
True
Is 96969801029 composite?
False
Is 533732083 a prime number?
True
Is 182259311777 a prime number?
True
Is 31855643233 a composite number?
False
Is 613510067 prime?
True
Is 2487880619 prime?
False
Is 72146550961 a composite number?
False
Is 3482368231 a prime number?
True
Is 2475472787 a composite number?
False
Is 873622721 prime?
True
Is 39632706941 a composite number?
True
Is 749482109 a prime number?
True
Is 10382717737 a composite number?
True
Is 2943399211 a composite number?
False
Is 1016785643 a prime number?
False
Is 15612241759 a composite number?
True
Is 61477358807 a prime number?
False
Is 2243208811 a prime number?
True
Is 247319129 a prime number?
True
Is 20769842801 a composite number?
True
Is 320770397165 composite?
True
Is 16135604633 prime?
True
Is 275516491 a composite number?
True
Is 7460756531 composite?
False
Is 58085222357 a prime number?
False
Is 1207145441 composite?
False
Is 125383636874 a prime number?
False
Is 146061689 a prime number?
True
Is 64397210203 a composite number?
False
Is 42262706459 a composite number?
False
Is 627624541 a composite number?
True
Is 441706841 prime?
True
Is 25596867199 prime?
True
Is 3145151726 prime?
False
Is 14895484441 a composite number?
False
Is 23130153961 a composite number?
True
Is 5030297071 prime?
True
Is 2233198609 composite?
False
Is 56744248805 a composite number?
True
Is 1466766227 composite?
False
Is 497484217 prime?
True
Is 115421 prime?
True
Is 2354985929 prime?
True
Is 793999939 composite?
False
Is 34770844999 a composite number?
True
Is 437508601 a prime number?
False
Is 382272593 a composite number?
False
Is 10815180269 a composite number?
False
Is 38857990867 composite?
True
Is 945758651 composite?
False
Is 9406726723 a composite number?
True
Is 18222221603 a prime number?
True
Is 2271334729 prime?
False
Is 160103653 a composite number?
True
Is 12261273811 composite?
False
Is 55007943607 composite?
True
Is 54820588751 composite?
True
Is 1422183181 a composite number?
False
Is 7432394903 composite?
False
Is 1739390021 prime?
False
Is 2288607647 a prime number?
True
Is 52717677886 a prime number?
False
Is 6012409127 a prime number?
True
Is 104186513 prime?
True
Is 7339054537 composite?
True
Is 287312741 composite?
True
Is 14343601533 a prime number?
False
Is 33540123323 prime?
False
Is 1822698737 prime?
False
Is 2733108773 composite?
False
Is 68744499019 prime?
False
Is 889309357 a composite number?
False
Is 501171361 a prime number?
True
Is 68789597593 composite?
False
Is 279149643673 prime?
False
Is 174406021 a composite number?
True
Is 9346692679 a prime number?
False
Is 864615601 prime?
True
Is 62262009049 composite?
False
Is 13502133581 composite?
False
Is 2274138173 a prime number?
False
Is 22366181287 a composite number?
False
Is 60563809807 a prime number?
True
Is 19787204594 prime?
False
Is 16360249523 prime?
False
Is 618724123 prime?
True
Is 1963321753 a prime number?
False
Is 244857761 composite?
False
Is 4849188917 a composite number?
True
Is 66048643 a prime number?
False
Is 309873683 prime?
False
Is 802160311 composite?
True
Is 14161949173 a composite number?
True
Is 25612067101 prime?
True
Is 1034436983 composite?
True
Is 14420484538 a composite number?
True
Is 27353642779 composite?
True
Is 3272143013 composite?
False
Is 38899519 a prime number?
False
Is 1611836441 composite?
True
Is 7273697683 a composite number?
True
Is 3567289247 a composite number?
True
Is 10690085053 prime?
True
Is 533377731 a prime number?
False
Is 526778299 composite?
False
Is 9232435001 prime?
True
Is 2114371522 composite?
True
Is 2045237449 a prime number?
False
Is 173418701 composite?
False
Is 5535999769 a composite number?
False
Is 226378387 prime?
True
Is 16674707507 a prime number?
True
Is 27942689483 a prime number?
True
Is 129943428773 a composite number?
False
Is 528325247 a composite number?
False
Is 651475429 prime?
False
Is 1814048069 a composite number?
True
Is 1607175589 a composite number?
False
Is 9781674557 a composite number?
True
Is 87684538573 a composite number?
False
Is 685527851 prime?
True
Is 4295560519 a prime number?
False
Is 31513301 a prime number?
False
Is 21549174961 composite?
True
Is 53563755529 prime?
True
Is 7597347221 composite?
False
Is 5302774759 composite?
True
Is 14708880833 prime?
False
Is 551097499 prime?
False
Is 115793263 a composite number?
False
Is 1449083309 a prime number?
True
Is 2444218937 prime?
True
Is 2979354347 prime?
False
Is 163507109 prime?
True
Is 1462172045 a prime number?
False
Is 22259666003 a composite number?
True
Is 131354876797 a prime number?
False
Is 26688532631 a composite number?
True
Is 30752581127 a composite number?
False
Is 16585132679 a prime number?
True
Is 1810389523 a composite number?
False
Is 499248007 a composite number?
False
Is 1222310017 a composite number?
True
Is 370759997 a prime number?
False
Is 53270538301 a composite number?
False
Is 6937004189 composite?
True
Is 20106512949 prime?
False
Is 362044177 prime?
False
Is 55955134765 composite?
True
Is 38606891669 composite?
True
Is 11788100477 a prime number?
True
Is 4453746331 prime?
False
Is 1947994597 a prime number?
False
Is 13319329649 a composite number?
False
Is 858165391 composite?
True
Is 71080050043 a composite number?
False
Is 13443193873 prime?
False
Is 1762768729 prime?
True
Is 14173151569 composite?
False
Is 1471888001 composi